hen 17643 is divided by 504?
3
What is the remainder when 5295 is divided by 2523?
249
Calculate the remainder when 74455 is divided by 73.
68
What is the remainder when 15301 is divided by 8?
5
Calculate the remainder when 27340 is divided by 3025.
115
What is the remainder when 6603 is divided by 212?
31
Calculate the remainder when 307 is divided by 306.
1
Calculate the remainder when 89377 is divided by 205.
202
What is the remainder when 3391 is divided by 6?
1
Calculate the remainder when 134944 is divided by 29.
7
Calculate the remainder when 2881 is divided by 2767.
114
What is the remainder when 1794 is divided by 60?
54
What is the remainder when 112563 is divided by 2679?
45
Calculate the remainder when 54 is divided by 51.
3
Calculate the remainder when 1270 is divided by 243.
55
Calculate the remainder when 45533 is divided by 721.
110
Calculate the remainder when 11611 is divided by 21.
19
Calculate the remainder when 16718 is divided by 6917.
2884
What is the remainder when 1835 is divided by 510?
305
What is the remainder when 607614 is divided by 116?
6
What is the remainder when 20168 is divided by 43?
1
What is the remainder when 15151 is divided by 19?
8
Calculate the remainder when 26325 is divided by 49.
12
Calculate the remainder when 5492 is divided by 365.
17
What is the remainder when 9689 is divided by 9?
5
Calculate the remainder when 15689 is divided by 115.
49
Calculate the remainder when 50818 is divided by 22.
20
What is the remainder when 1455 is divided by 208?
207
Calculate the remainder when 417223 is divided by 919.
916
Calculate the remainder when 135069 is divided by 9004.
9
Calculate the remainder when 699927 is divided by 101.
98
What is the remainder when 90836 is divided by 1514?
1510
Calculate the remainder when 4101 is divided by 230.
191
Calculate the remainder when 10006 is divided by 906.
40
Calculate the remainder when 17760 is divided by 189.
183
What is the remainder when 24968 is divided by 181?
171
What is the remainder when 3986 is divided by 284?
10
What is the remainder when 20337 is divided by 2536?
49
Calculate the remainder when 10439 is divided by 53.
51
Calculate the remainder when 9753 is divided by 47.
24
What is the remainder when 3115 is divided by 443?
14
What is the remainder when 1867 is divided by 1775?
92
What is the remainder when 11811 is divided by 984?
3
What is the remainder when 559212 is divided by 51?
48
What is the remainder when 16569 is divided by 29?
10
What is the remainder when 18048 is divided by 56?
16
Calculate the remainder when 6143 is divided by 2880.
383
Calculate the remainder when 2647681 is divided by 441279.
7
Calculate the remainder when 4515 is divided by 243.
141
What is the remainder when 1964 is divided by 296?
188
Calculate the remainder when 2218 is divided by 100.
18
Calculate the remainder when 1116 is divided by 267.
48
What is the remainder when 171363 is divided by 169?
166
What is the remainder when 2973 is divided by 377?
334
Calculate the remainder when 196221 is divided by 109.
21
Calculate the remainder when 68673 is divided by 25.
23
What is the remainder when 49787 is divided by 29?
23
Calculate the remainder when 28084 is divided by 21.
7
What is the remainder when 1429 is divided by 170?
69
What is the remainder when 3964 is divided by 494?
12
Calculate the remainder when 573273 is divided by 258.
255
What is the remainder when 36813 is divided by 18353?
107
What is the remainder when 63425 is divided by 31706?
13
Calculate the remainder when 28982 is divided by 287.
282
Calculate the remainder when 154323 is divided by 446.
7
What is the remainder when 13022 is divided by 1552?
606
What is the remainder when 4437 is divided by 57?
48
Calculate the remainder when 9048 is divided by 1269.
165
What is the remainder when 2730 is divided by 41?
24
Calculate the remainder when 6754 is divided by 227.
171
Calculate the remainder when 16651 is divided by 404.
87
Calculate the remainder when 3585838 is divided by 268.
266
Calculate the remainder when 85361 is divided by 40.
1
What is the remainder when 55045 is divided by 18344?
13
What is the remainder when 2518 is divided by 33?
10
What is the remainder when 9940 is divided by 432?
4
What is the remainder when 188743 is divided by 35?
23
Calculate the remainder when 35058 is divided by 650.
608
Calculate the remainder when 6365 is divided by 2121.
2
What is the remainder when 39917 is divided by 487?
470
What is the remainder when 1746 is divided by 869?
8
Calculate the remainder when 5020 is divided by 1481.
577
What is the remainder when 41549 is divided by 5934?
11
What is the remainder when 61427 is divided by 15344?
51
Calculate the remainder when 236221 is divided by 798.
13
Calculate the remainder when 40475 is divided by 460.
455
Calculate the remainder when 480 is divided by 208.
64
Calculate the remainder when 3179 is divided by 960.
299
Calculate the remainder when 11591 is divided by 180.
71
What is the remainder when 70550 is divided by 7?
4
Calculate the remainder when 20965 is divided by 338.
9
Calculate the remainder when 1185 is divided by 198.
195
What is the remainder when 1276222 is divided by 68?
66
What is the remainder when 289 is divided by 64?
33
What is the remainder when 4732 is divided by 300?
232
Calculate the remainder when 3085 is divided by 213.
103
What is the remainder when 25773 is divided by 233?
143
What is the remainder when 1558 is divided by 744?
70
Calculate the remainder when 123313 is divided by 123311.
2
What is the remainder when 1971317 is divided by 12?
5
Calculate the remainder when 1424 is divided by 53.
46
Calculate the remainder when 4780 is divided by 2328.
124
What is the remainder when 28464 is divided by 481?
85
What is the remainder when 8191 is divided by 16?
15
What is the remainder when 8088 is divided by 405?
393
Calculate the remainder when 24802 is divided by 24774.
28
Calculate the remainder when 155109 is divided by 10.
9
What is the remainder when 94327 is divided by 104?
103
What is the remainder when 815 is divided by 109?
52
Calculate the remainder when 24897 is divided by 249.
246
Calculate the remainder when 18688 is divided by 93.
88
Calculate the remainder when 3805422 is divided by 367.
366
What is the remainder when 9638 is divided by 58?
10
What is the remainder when 142499 is divided by 43?
40
Calculate the remainder when 5133 is divided by 93.
18
Calculate the remainder when 21454 is divided by 30.
4
What is the remainder when 1748 is divided by 6?
2
What is the remainder when 2124 is divided by 64?
12
What is the remainder when 2942 is divided by 24?
14
Calculate the remainder when 1258 is divided by 287.
110
Calculate the remainder when 6520 is divided by 48.
40
What is the remainder when 2494 is divided by 157?
139
Calculate the remainder when 2160 is divided by 1556.
604
Calculate the remainder when 9183 is divided by 1652.
923
Calculate the remainder when 6337 is divided by 840.
457
What is the remainder when 2721 is divided by 449?
27
What is the remainder when 40821 is divided by 21?
18
Calculate the remainder when 1353 is divided by 572.
209
Calculate the remainder when 47410 is divided by 23586.
238
What is the remainder when 203306 is divided by 658?
642
Calculate the remainder when 20801 is divided by 3466.
5
What is the remainder when 63041 is divided by 40?
1
What is the remainder when 393159 is divided by 851?
848
What is the remainder when 822737 is divided by 42?
41
Calculate the remainder when 162653 is divided by 136.
133
Calculate the remainder when 2167 is divided by 280.
207
What is the remainder when 104813 is divided by 384?
365
What is the remainder when 502156 is divided by 161?
158
What is the remainder when 79735 is divided by 10?
5
Calculate the remainder when 72938 is divided by 1488.
26
Calculate the remainder when 418 is divided by 77.
33
What is the remainder when 56266 is divided by 54?
52
What is the remainder when 4052437 is divided by 287?
284
What is the remainder when 254626 is divided by 18?
16
What is the remainder when 22085 is divided by 88?
85
What is the remainder when 3101 is divided by 100?
1
Calculate the remainder when 35953 is divided by 360.
313
Calculate 